
True
Is 6486 a multiple of 47?
True
Does 13 divide 5731?
False
Is 116 a multiple of 7?
False
Is 1932 a multiple of 14?
True
Is 10663 a multiple of 12?
False
Is 8835 a multiple of 8?
False
Does 9 divide 162?
True
Is 15 a factor of 345?
True
Is 70 a factor of 210?
True
Does 104 divide 16044?
False
Does 12 divide 1645?
False
Does 85 divide 3825?
True
Is 1576 a multiple of 55?
False
Is 227 a multiple of 9?
False
Is 586 a multiple of 5?
False
Is 28 a factor of 27069?
False
Does 14 divide 10276?
True
Is 2 a factor of 105?
False
Does 125 divide 4860?
False
Is 53 a factor of 942?
False
Is 8400 a multiple of 14?
True
Is 260 a multiple of 26?
True
Does 52 divide 7838?
False
Is 88652 a multiple of 350?
False
Is 3441 a multiple of 34?
False
Does 6 divide 1098?
True
Does 9 divide 1461?
False
Is 44 a factor of 220?
True
Does 286 divide 55667?
False
Is 106 a factor of 33708?
True
Does 5 divide 117?
False
Does 41 divide 902?
True
Does 16 divide 104570?
False
Is 22 a factor of 2760?
False
Does 120 divide 1800?
True
Is 11045 a multiple of 235?
True
Is 5022 a multiple of 57?
False
Is 252 a multiple of 18?
True
Is 92 a factor of 1546?
False
Does 24 divide 7848?
True
Is 3 a factor of 111?
True
Is 59276 a multiple of 116?
True
Does 2 divide 3956?
True
Is 24850 a multiple of 139?
False
Does 82 divide 3690?
True
Does 15 divide 6329?
False
Does 15 divide 1365?
True
Is 40 a factor of 1725?
False
Does 13 divide 2417?
False
Does 113 divide 11796?
False
Does 47 divide 1410?
True
Does 94 divide 282?
True
Is 6505 a multiple of 7?
False
Is 15 a factor of 2865?
True
Does 176 divide 21922?
False
Does 364 divide 100702?
False
Is 629 a multiple of 47?
False
Is 161 a factor of 34615?
True
Is 22 a factor of 29854?
True
Does 76 divide 12600?
False
Is 30710 a multiple of 13?
False
Is 24 a factor of 64235?
False
Does 3 divide 972?
True
Does 28 divide 3200?
False
Is 71 a multiple of 13?
False
Does 16 divide 7712?
True
Is 2383 a multiple of 11?
False
Is 50 a factor of 8658?
False
Does 19 divide 3306?
True
Is 3945 a multiple of 43?
False
Does 26 divide 858?
True
Does 13 divide 754?
True
Does 3 divide 31959?
True
Does 29 divide 1740?
True
Is 9 a factor of 13707?
True
Is 1220 a multiple of 6?
False
Does 76 divide 3648?
True
Is 81 a factor of 14108?
False
Is 111 a factor of 169719?
True
Is 143 a multiple of 10?
False
Does 18 divide 1665?
False
Is 171 a multiple of 59?
False
Is 22 a factor of 110?
True
Is 348 a multiple of 4?
True
Does 158 divide 15642?
True
Does 55 divide 440?
True
Is 6354 a multiple of 24?
False
Is 2907 a multiple of 9?
True
Is 32 a factor of 21760?
True
Does 9 divide 3861?
True
Is 2 a factor of 130?
True
Does 172 divide 7224?
True
Does 27 divide 3861?
True
Is 12 a factor of 3504?
True
Is 30 a factor of 55834?
False
Is 5 a factor of 2250?
True
Is 35 a factor of 3329?
False
Is 8032 a multiple of 43?
False
Does 18 divide 2246?
False
Is 10363 a multiple of 65?
False
Is 23 a factor of 17039?
False
Is 2849 a multiple of 11?
True
Is 425 a multiple of 64?
False
Is 24 a factor of 504?
True
Is 751 a multiple of 26?
False
Is 363 a multiple of 3?
True
Does 102 divide 18870?
True
Is 5765 a multiple of 24?
False
Does 34 divide 3604?
True
Does 16 divide 6704?
True
Is 22122 a multiple of 26?
False
Is 145 a factor of 43935?
True
Is 5 a factor of 2728?
False
Does 14 divide 252?
True
Is 39 a factor of 10043?
False
Is 87 a factor of 2871?
True
Is 2587 a multiple of 3?
False
Is 35 even?
False
Does 32 divide 320?
True
Is 57 a factor of 285?
True
Does 13 divide 75413?
True
Does 44 divide 88?
True
Is 1339 a multiple of 34?
False
Is 45 a factor of 6525?
True
Is 252 a multiple of 63?
True
Is 25576 a multiple of 92?
True
Is 25101 a multiple of 7?
False
Is 27 a factor of 316?
False
Is 11 a factor of 3628?
False
Is 196 a multiple of 28?
True
Is 34 a factor of 2414?
True
Does 5 divide 9320?
True
Is 13 a factor of 242?
False
Is 3 a factor of 23?
False
Does 13 divide 11596?
True
Is 5656 a multiple of 28?
True
Is 13374 a multiple of 11?
False
Is 150 a factor of 8550?
True
Is 162 a factor of 45497?
False
Is 22000 a multiple of 50?
True
Does 124 divide 6386?
False
Is 35 a factor of 574?
False
Is 376 a multiple of 26?
False
Is 16 a factor of 1057?
False
Does 48 divide 698?
False
Is 1980 a multiple of 44?
True
Is 39 a factor of 3666?
True
Does 81 divide 23490?
True
Does 131 divide 10480?
True
Does 22 divide 11029?
False
Is 262 a multiple of 2?
True
Is 172 a factor of 9288?
True
Is 12 a factor of 34?
False
Does 60 divide 120?
True
Is 160 a multiple of 20?
True
Is 5 a factor of 28225?
True
Is 100 a factor of 138778?
False
Is 10 a factor of 3366?
False
Is 38 a factor of 535?
False
Is 2386 a multiple of 3?
False
Is 954 a multiple of 18?
True
Is 187 a multiple of 60?
False
Is 5 a factor of 420?
True
Is 17 a factor of 408?
True
Does 18 divide 39384?
True
Is 33 a factor of 38084?
False
Is 1226 a multiple of 10?
False
Is 92 a factor of 4823?
False
Is 2542 a multiple of 25?
False
Does 88 divide 792?
True
Does 14 divide 8422?
False
Is 17 a factor of 60?
False
Is 2161 a multiple of 10?
False
Does 16 divide 201?
False
Does 6 divide 18539?
False
Does 135 divide 5805?
True
Is 102 a multiple of 17?
True
Is 11 a factor of 47509?
True
Is 52 a multiple of 3?
False
Does 59 divide 118?
True
Does 23 divide 966?
True
Does 54 divide 124?
False
Is 9 a factor of 260?
False
Is 3 a factor of 147?
True
Does 25 divide 2564?
False
Does 69 divide 82068?
False
Is 23273 a multiple of 92?
False
Does 2 divide 400?
True
Is 46 a factor of 91568?
False
Does 10 divide 50?
True
Is 5 a factor of 5062?
False
Does 9 divide 162?
True
Is 6025 a multiple of 108?
False
Is 8766 a multiple of 18?
True
Is 6037 a multiple of 10?
False
Is 42404 a multiple of 12?
False
Is 33269 a multiple of 323?
True
Is 237 a multiple of 10?
False
Is 100 a factor of 65978?
False
Is 69 a factor of 828?
True
Is 23210 a multiple of 20?
False
Is 7 a factor of 185?
False
Does 19 divide 608?
True
Is 79 a factor of 5850?
False
Is 487 a multiple of 16?
False
Is 1806 a multiple of 42?
True
Is 20 a factor of 15260?
True
Does 176 divide 23860?
False
Is 17 a factor of 3060?
True
Is 8693 a multiple of 57?
False
Is 61 a factor of 94?
False
Does 8 divide 206?
False
Does 11 divide 28?
False
Is 6 a factor of 67926?
True
Is 4161 a multiple of 7?
False
Is 40 a factor of 28877?
False
Is 324 a factor of 4536?
True
Does 9 divide 162?
True
Is 654 a multiple of 5?
False
Is 5032 a multiple of 4?
True
Does 60 divide 203?
False
Is 16 a factor of 37821?
False
Is 624 a multiple of 24?
True
Does 3 divide 55?
False
Is 23 a factor of 460?
True
Does 65 divide 8296?
False
Is 13728 a multiple of 143?
True
Is 195 a factor of 11525?
False
Is 61 a factor of 2623?
True
Is 3392 a multiple of 9?
False
Is 54 a multiple of 32?
False
Does 104 divide 81744?
True
Is 6 a factor of 6633?
False
Does 7 divide 259?
True
Is 9136 a multiple of 43?
False
Is 533 a multiple of 2?
False
Is 80 a factor of 79520?
True
Is 23 a factor of 5342?
False
Does 8 divide 400?
True
Is 520 a multiple of 104?
True
Is 553 a multiple of 21?
False
Is 1920 a multiple of 15?
True
Is 17 a factor of 3216?
False
Does 2 divide 33?
False
Is 179 a factor of 2557?
False
Is 38 a factor of 228?
True
Is 20 a factor of 7980?
True
Does 16 divide 321?
False
Is 104 a factor of 3536?
True
Is 1268 a multiple of 4?
True
Is 43376 a multiple of 17?
False
Does 64 divide 1130?
False
Is 9 a factor of 1751?
False
Is 82225 a multiple of 55?
True
Does 6 divide 22356?
True
Is 42 a multiple of 25?
False
Is 480 a multiple of 8?
True
Is 39 a factor of 39130?
False
Is 4 a factor of 3004?
True
Is 34974 a multiple of 58?
True
Is 46 a multiple of 5?
False
Does 16 divide 304?
True
Is 32 a factor of 13096?
False
Does 16 divide 2976?
True
Is 25 a factor of 11800?
True
Is 16 a factor of 21552?
True
Is 22 a factor of 820?
False
Is 14040 a multiple of 64?
False
Is 28 a factor of 56359?
False
Is 26 a factor of 24310?
True
Is 1129 a multiple of 2?
False
Is 7 a factor of 2107?
True
Is 9198 a multiple of 18?
True
Does 11 divide 2699?
False
Does 2 divide 16655?
False
Is 21280 a multiple of 38?
True
Does 2 divide 55?
False
Is 24 a factor of 62205?
False
Is 44800 a multiple of 175?
True
Does 13 divide 4231?
False
Does 14 divide 2662?
False
Is 346 a multiple of 33?
False
Does 15 divide 811?